{"id":70,"date":"2015-05-25T16:03:21","date_gmt":"2015-05-25T16:03:21","guid":{"rendered":"https:\/\/dist2.famnit.upr.si\/?p=70"},"modified":"2015-05-25T16:03:21","modified_gmt":"2015-05-25T16:03:21","slug":"seminarji-text","status":"publish","type":"page","link":"https:\/\/dist.famnit.upr.si\/index.php\/seminarji-text\/?lang=si","title":{"rendered":"Seminarji"},"content":{"rendered":"<p><body><\/p>\n<p><\/p>\n<p>\n\t<span id=\"result_box\" lang=\"sl\"><span class=\"hps\">Seminarji<\/span> <span class=\"hps\">predstavljajo<\/span> <span class=\"hps\">odprt <\/span><span class=\"hps\">za<\/span> <span class=\"hps\">izmenjavo idej<\/span><span>.<\/span> <span class=\"hps\">Vabljeni ste vsi, ki vas<\/span> <span class=\"hps\">zanima<\/span> <span class=\"hps\">ra\u010dunalni\u0161tvo in<\/span> <span class=\"hps\">sorodna raziskovalna<\/span> <span class=\"hps\">podro\u010dja<\/span><span>.<\/span> <span class=\"hps\">Seminarji<\/span><span class=\"hps\"> bodisi<\/span> <span class=\"hps\">odra\u0161ajo vsebino raziskovalnega dela na oddelu ali pa jih vodijo<\/span> <span class=\"hps\">zunanji<\/span> <span class=\"hps\">raziskovalci, ki<\/span> vspodbujejo <span class=\"hps\">nove ideje<\/span><span>, <\/span><span class=\"hps\">smeri raziskovanja<\/span><span>,<\/span> <span class=\"hps\">ali<\/span> <span class=\"hps\">refleksijo na\u0161ih raziskavah<\/span><span>.<\/span><\/span><\/p>\n<p>\n\t<span lang=\"sl\"><span class=\"hps\">Seminarji<\/span> <span class=\"hps\">obi\u010dajno<\/span> <span class=\"hps\">potekajo vsak ponedeljek ob <\/span><span class=\"hps\">16:00<\/span> <span class=\"hps\">v<\/span> <span class=\"hps\">predavalnici<\/span> <span class=\"hps atn\">&#8220;<\/span>FAMNIT-1-MP2<span>&#8220;<\/span><span> na UP FAMNIT, Glagolja\u0161ka 8, 6000 Koper.<\/span><\/span><\/p>\n<p>\t<span lang=\"sl\"><span>2015<\/span><\/span><\/p>\n<ul>\n<li>\n\t\t11. maj 2015 &#8211; Zoltan Horvath: &#8220;<a href=\"https:\/\/dist2.famnit.upr.si\/index.php\/Novice\/problematic-of-indoo-1\">Problematic of Indoor Navigation and Positioning<\/a>&#8220;<\/li>\n<li>\n\t\t14. april 2015 &#8211; mag. Nevenka Volk Ro\u0161i\u010d: <a href=\"https:\/\/dist2.famnit.upr.si\/index.php\/Novice\/seminar-potencilan\">&#8220;Potencilani podjetniki &#8211; ravnanje z ljudmi pri delu in drugi koristni napotki&#8221;<\/a><\/li>\n<li>\n\t\t30. marec 2015: dr. Monika Cerin\u0161ek: <a href=\"https:\/\/dist2.famnit.upr.si\/index.php\/Novice\/seminar-podatki-in\">&#8220;Podatki in metrike v logisti\u010dni infrastrukturi&#8221;<\/a><\/li>\n<li>\n\t\t23. marec 2015: Prof. Veljko Milutinovic: <a href=\"https:\/\/dist2.famnit.upr.si\/index.php\/Novice\/seminar-dataflow-su-1\">&#8220;DataFlow SuperComputing for BigData Analytics&#8221;<\/a><\/li>\n<li>\n\t\t<span lang=\"sl\"><span class=\"hps\">16. marec 2015<\/span> <span class=\"hps\">&#8211;<\/span> prof <span class=\"hps\">dr<\/span> <span class=\"hps\">Andreas<\/span> <span class=\"hps\">Schmidt<\/span><span>:<\/span> <a href=\"https:\/\/dist2.famnit.upr.si\/index.php\/Novice\/seminar-from-code-m-3\">&#8220;From Code Munger to Partial Class Generator: Developing lightweight software generators for daily use &#8211; Part II&#8221;<\/a><\/span><\/li>\n<li>\n\t\t<span lang=\"sl\"><span class=\"hps\">9. marec 2015<\/span> <span class=\"hps\">&#8211; prof<\/span> <span class=\"hps\">dr<\/span> <span class=\"hps\">Andreas<\/span> <span class=\"hps\">Schmidt<\/span><span>:<\/span> <a href=\"https:\/\/dist2.famnit.upr.si\/index.php\/Novice\/seminar-from-code-m-1\">&#8220;From Code Munger to Partial Class Generator: Developing lightweight software generators for daily use &#8211; Part I&#8221;<\/a><\/span><\/li>\n<\/ul>\n<h2>\n\t2014<\/h2>\n<p> &gt;<br \/>\n<\/body><\/p>","protected":false},"excerpt":{"rendered":"<p>Seminarji predstavljajo odprt za izmenjavo idej. Vabljeni ste vsi, ki vas zanima ra\u010dunalni\u0161tvo in sorodna raziskovalna podro\u010dja. Seminarji bodisi odra\u0161ajo vsebino raziskovalnega dela na oddelu ali pa jih [&hellip;]<\/p>\n","protected":false},"author":0,"featured_media":0,"parent":0,"menu_order":0,"comment_status":"open","ping_status":"open","template":"","meta":{"footnotes":""},"_links":{"self":[{"href":"https:\/\/dist.famnit.upr.si\/index.php\/wp-json\/wp\/v2\/pages\/70"}],"collection":[{"href":"https:\/\/dist.famnit.upr.si\/index.php\/wp-json\/wp\/v2\/pages"}],"about":[{"href":"https:\/\/dist.famnit.upr.si\/index.php\/wp-json\/wp\/v2\/types\/page"}],"replies":[{"embeddable":true,"href":"https:\/\/dist.famnit.upr.si\/index.php\/wp-json\/wp\/v2\/comments?post=70"}],"version-history":[{"count":0,"href":"https:\/\/dist.famnit.upr.si\/index.php\/wp-json\/wp\/v2\/pages\/70\/revisions"}],"wp:attachment":[{"href":"https:\/\/dist.famnit.upr.si\/index.php\/wp-json\/wp\/v2\/media?parent=70"}],"curies":[{"name":"wp","href":"https:\/\/api.w.org\/{rel}","templated":true}]}}