{"id":73,"date":"2015-03-31T20:48:00","date_gmt":"2015-03-31T20:48:00","guid":{"rendered":"https:\/\/dist2.famnit.upr.si\/?p=73"},"modified":"2015-03-31T20:48:00","modified_gmt":"2015-03-31T20:48:00","slug":"media","status":"publish","type":"page","link":"https:\/\/dist.famnit.upr.si\/index.php\/media\/","title":{"rendered":"Media"},"content":{"rendered":"<p><body><\/p>\n<p><\/p>\n<h2>\n\t2015<\/h2>\n<ul>\n<li>\n<p>\n\t\t\tDr. Jernej Vi\u010di\u010d: <a href=\"https:\/\/dist2.famnit.upr.si\/index.php\/News\/second-part-of-the-t\">Second part of the interview about machine translation on Radio Slovenia ARS 31. 3. <\/a><\/p>\n<\/li>\n<li>\n<p>\n\t\t\tDr. Jernej Vi\u010di\u010d:\u00a0<a href=\"https:\/\/dist2.famnit.upr.si\/index.php\/News\/second-part-of-the-t\"> First part of the interview about machine translation on Radio Slovenia ARS 24. 3.\u00a0<\/a><a href=\"https:\/\/dist2.famnit.upr.si\/index.php\/News\/if-the-water-catche\"> &#8220;If water catches cold, it freezes&#8221;.<\/a><\/p>\n<\/li>\n<li>\n<p>\n\t\t\tDr. Maja\u0161 Kljun: <a href=\"http:\/\/www.primorske.si\/Plus\/7Val\/3D-prihodnostnatisnjene-hisa,-ledvica-in-puska\">discussion for the newspaper Primorske Novice about 3D printing: &#8220;<span class=\"short_text\" id=\"result_box\" lang=\"en\"><span class=\"hps\">3D<\/span> <span class=\"hps\">Future:<\/span> <span class=\"hps\">printed<\/span> <span class=\"hps\">house<\/span><span>, kidneys<\/span> <span class=\"hps\">and<\/span> <span class=\"hps\">rifle<\/span><\/span>&#8220;<\/a><\/p>\n<\/li>\n<\/ul>\n<p><\/body><\/p>","protected":false},"excerpt":{"rendered":"<p>2015 Dr. Jernej Vi\u010di\u010d: Second part of the interview about machine translation on Radio Slovenia ARS 31. 3. Dr. Jernej Vi\u010di\u010d:\u00a0 First part of the interview about machine [&hellip;]<\/p>\n","protected":false},"author":0,"featured_media":0,"parent":0,"menu_order":0,"comment_status":"open","ping_status":"open","template":"","meta":{"footnotes":""},"_links":{"self":[{"href":"https:\/\/dist.famnit.upr.si\/index.php\/wp-json\/wp\/v2\/pages\/73"}],"collection":[{"href":"https:\/\/dist.famnit.upr.si\/index.php\/wp-json\/wp\/v2\/pages"}],"about":[{"href":"https:\/\/dist.famnit.upr.si\/index.php\/wp-json\/wp\/v2\/types\/page"}],"replies":[{"embeddable":true,"href":"https:\/\/dist.famnit.upr.si\/index.php\/wp-json\/wp\/v2\/comments?post=73"}],"version-history":[{"count":0,"href":"https:\/\/dist.famnit.upr.si\/index.php\/wp-json\/wp\/v2\/pages\/73\/revisions"}],"wp:attachment":[{"href":"https:\/\/dist.famnit.upr.si\/index.php\/wp-json\/wp\/v2\/media?parent=73"}],"curies":[{"name":"wp","href":"https:\/\/api.w.org\/{rel}","templated":true}]}}